{"version":"1.0","provider_name":"Kommunikationsraum","provider_url":"https:\/\/www.kommunikationsraum.at\/en\/","author_name":"Sabine Traxler","author_url":"https:\/\/www.kommunikationsraum.at\/en\/blog\/author\/straxler\/","title":"Baby, it\u2019s cold outside! - Kommunikationsraum","type":"rich","width":600,"height":338,"html":"<blockquote class=\"wp-embedded-content\" data-secret=\"s3n4sFsCQA\"><a href=\"https:\/\/www.kommunikationsraum.at\/en\/blog\/2023\/12\/baby-its-cold-outside\/\">Baby, it\u2019s cold outside!<\/a><\/blockquote><iframe sandbox=\"allow-scripts\" security=\"restricted\" src=\"https:\/\/www.kommunikationsraum.at\/en\/blog\/2023\/12\/baby-its-cold-outside\/embed\/#?secret=s3n4sFsCQA\" width=\"600\" height=\"338\" title=\"&#8220;Baby, it\u2019s cold outside!&#8221; &#8212; Kommunikationsraum\" data-secret=\"s3n4sFsCQA\" frameborder=\"0\" marginwidth=\"0\" marginheight=\"0\" scrolling=\"no\" class=\"wp-embedded-content\"><\/iframe><script>\n\/*! This file is auto-generated *\/\n!function(d,l){\"use strict\";l.querySelector&&d.addEventListener&&\"undefined\"!=typeof URL&&(d.wp=d.wp||{},d.wp.receiveEmbedMessage||(d.wp.receiveEmbedMessage=function(e){var t=e.data;if((t||t.secret||t.message||t.value)&&!\/[^a-zA-Z0-9]\/.test(t.secret)){for(var s,r,n,a=l.querySelectorAll('iframe[data-secret=\"'+t.secret+'\"]'),o=l.querySelectorAll('blockquote[data-secret=\"'+t.secret+'\"]'),c=new RegExp(\"^https?:$\",\"i\"),i=0;i<o.length;i++)o[i].style.display=\"none\";for(i=0;i<a.length;i++)s=a[i],e.source===s.contentWindow&&(s.removeAttribute(\"style\"),\"height\"===t.message?(1e3<(r=parseInt(t.value,10))?r=1e3:~~r<200&&(r=200),s.height=r):\"link\"===t.message&&(r=new URL(s.getAttribute(\"src\")),n=new URL(t.value),c.test(n.protocol))&&n.host===r.host&&l.activeElement===s&&(d.top.location.href=t.value))}},d.addEventListener(\"message\",d.wp.receiveEmbedMessage,!1),l.addEventListener(\"DOMContentLoaded\",function(){for(var e,t,s=l.querySelectorAll(\"iframe.wp-embedded-content\"),r=0;r<s.length;r++)(t=(e=s[r]).getAttribute(\"data-secret\"))||(t=Math.random().toString(36).substring(2,12),e.src+=\"#?secret=\"+t,e.setAttribute(\"data-secret\",t)),e.contentWindow.postMessage({message:\"ready\",secret:t},\"*\")},!1)))}(window,document);\n\/\/# sourceURL=https:\/\/www.kommunikationsraum.at\/wp-includes\/js\/wp-embed.min.js\n<\/script>\n","thumbnail_url":"https:\/\/www.kommunikationsraum.at\/wp-content\/uploads\/2023\/12\/23_12_11-journal-800x450-1.jpg","thumbnail_width":800,"thumbnail_height":450,"description":"Wenn die Tage k\u00fcrzer und die N\u00e4chte l\u00e4nger werden, die Temperaturen sinken und die ersten Schneeflocken fallen, ziehen wir uns zur\u00fcck auf unsere Sofas, gut eingekuschelt in eine warme Decke. Wir wissen, wie wir uns gegen die K\u00e4lte sch\u00fctzen, wir haben gelernt gut durch einen langen Winter zu kommen. Gibt\u2019s solche Erfahrungen, solches Wissen auch f\u00fcr Organisationen, wenn es darum geht einer gef\u00fchlt ungem\u00fctlicheren Welt erfolgreich gegen\u00fcberzustehen?"}

Wenn die Tage kürzer und die Nächte länger werden, die Temperaturen sinken und die ersten Schneeflocken fallen, ziehen wir uns zurück auf unsere Sofas, gut eingekuschelt in eine warme Decke. Wir wissen, wie wir uns gegen die Kälte schützen, wir haben gelernt gut durch einen langen Winter zu kommen. Gibt’s solche Erfahrungen, solches Wissen auch für Organisationen, wenn es darum geht einer gefühlt ungemütlicheren Welt erfolgreich gegenüberzustehen?
